-2*r + 135 - 1 = 0. What is the remainder when r is divided by c?
32
Let p(f) = f**2 - 14*f + 20. Suppose 0 = -3*h + 6*w - w + 25, 3*w = 5*h - 63. Let z be p(h). Let j = -19 + z. Calculate the remainder when 76 is divided by j.
12
Suppose 4 = -3*h + 13, -4*p + 5*h = -157. Suppose -f + 1 = 0, -2*f = -4*r + 115 + p. What is the remainder when (-1073)/(-9) + -2 + (-48)/(-27) is divided by r?
39
Let a = -146 - -236. Suppose -8*k = -18*k + a. What is the remainder when 0/4 - (-35)/1 is divided by k?
8
Let r(q) = -139*q + 719. What is the remainder when 110 is divided by r(5)?
14
Let l(k) = 2*k - 32. Suppose -u = 4*s - 20, 0 = 4*u - 3*u - s. What is the remainder when l(39) is divided by u?
2
Let s(v) = v**2 + 21*v + 766. What is the remainder when s(-48) is divided by 4?
2
Let m be -3 - -1 - (41 + 2). Let i be -82 + 4 - 2 - (0 - 4). Let x = m - i. What is the remainder when 90 is divided by x?
28
Suppose 55*h = 11*h - 19*h + 3591. What is the remainder when 2102 is divided by h?
50
Let f be (-1)/6 - 1911/(-234). Suppose 0 = -4*c - b + 64, 4*c - 4*b + f*b - 76 = 0. What is the remainder when c is divided by 9?
6
Suppose 21*c - 115707 = -26604. Calculate the remainder when c is divided by 39.
31
Let r(m) = -42*m**3 + 28*m**2 + 13*m - 8. Let u(v) = -v**3 + 3. Let i be u(0). Calculate the remainder when r(-1) is divided by i*(12/(-9))/(-1).
1
Let p = 23390 + -23192. Calculate the remainder when 1084 is divided by p.
94
Suppose -17*k - 9*k - 8303 = -140981. What is the remainder when k is divided by 22?
21
Calculate the remainder when 3643 is divided by (4 + -2)/2*(153 + -18).
133
Suppose -31 = a - 112. Let j = 77 - a. What is the remainder when 67 is divided by ((-27)/j)/((-5)/(200/(-15)))?
13
Suppose -4*g + 43 + 21 = 0. Suppose 3*c + h - 88 = 0, -3*c - 16*h + 84 = -19*h. What is the remainder when c is divided by g?
13
Let v = 4558 - 4420. Calculate the remainder when 564 is divided by v.
12
Let z(h) = 0*h**2 + 2*h**2 - h**2 - 2*h - 19*h**3 - 2 + 0*h**2. Let v(q) = -q**3 + 17*q**2 + 4*q - 52. Calculate the remainder when z(-2) is divided by v(17).
14
Let r(k) = -20*k - 87. Let a be r(-7). Suppose -54*f + 2 = -a*f. What is the remainder when 23 - ((-9)/(-3))/(-3) is divided by f?
0
Suppose 5*l + 0 = 5. Let h be (2 + l + -4)*-145. Suppose -51 = -7*j + h. Calculate the remainder when j is divided by 6.
4
Let r be (-3*(-16)/6)/(-38 - -40). Suppose -2*v - 22 = -r*v + 5*i, 5*i = -4*v + 74. What is the remainder when 64 is divided by v?
0
Let n = -38 - -54. Let j = -10 - -39. Let v = 122 - j. Calculate the remainder when v is divided by n.
13
Calculate the remainder when 25*(-8)/80*-30 is divided by 20.
15
Let w = 44 + -9. What is the remainder when ((-8200)/24)/25*-6 is divided by w?
12
What is the remainder when 4/((-4)/(-129)) + 1 is divided by 10/(-2) + (2/(-3))/(6/(-342))?
31
Suppose 630 = 9*q - 924 - 282. Calculate the remainder when q is divided by 42.
36
Suppose -2*i = -3*t + 38, 3*t - 4*i = -3*i + 34. Suppose y = -2*o + 138, y + 0*o = 4*o + 120. Let d = y - 128. What is the remainder when t is divided by d?
2
Let d(g) = -2*g**3 + 5*g**2 - 11*g + 15. Let b be d(5). Let q be 1672/b + (-4)/(-30). What is the remainder when ((-96)/q)/((-7)/(-70) - 0) is divided by 25?
21
Suppose -26*u - 110 = -24*u. Let z = -58 - u. Calculate the remainder when 122 is divided by z + ((-154)/4)/(-7)*8.
40
Let v(f) = -f**3 - f**2 + f - 4. Suppose a - 20 = -23. Let t be v(a). Suppose -t = m - 2*m. Calculate the remainder when 39 is divided by m.
6
Let u(i) = -i**3 + 14*i**2 - 68*i + 148. What is the remainder when 91 is divided by u(4)?
19
Let j(k) = 5*k**2 + 9*k - 10. Let o be j(8). Suppose 762 = -o*t + 385*t. Calculate the remainder when t is divided by 16.
14
Let s(w) = -2*w**2 + 41*w - 57. Let p be s(19). Suppose -4*i + 68 = 5*d - 113, p = -4*d + 2*i + 124. What is the remainder when 426 is divided by d?
30
Let s = -3815 + 4082. Calculate the remainder when 269 is divided by s.
2
Let t(h) = -h**2 + 4*h + 2. Let x be t(4). Let m(c) = 6*c - 4 - 55*c**2 - 4 - 36*c**2 + 199*c**2 - 76*c**2. What is the remainder when m(x) is divided by 27?
24
Suppose -8 = -14*j + 10*j. Suppose -j*l = -3*a + 11, -3 - 2 = 5*l. Suppose -5*q + 123 = a. What is the remainder when 70 is divided by q?
22
What is the remainder when 282 is divided by (-260)/65 + 155*1?
131
Suppose u = -3*d - 3*u - 13, -3*d + 5*u = -23. Let j(h) = 19*h + 1. Calculate the remainder when 12/9*(-6)/(-4) + 115 is divided by j(d).
17
Let j(r) = 43*r - 16*r - r**3 - 9*r - 20*r + r**2 + 160. Calculate the remainder when j(0) is divided by 7.
6
Suppose 0 = -4*i + x + 4*x + 25, 2*x = 4*i - 10. Suppose i = 4*n + 305 - 489. Calculate the remainder when n is divided by 13.
7
Suppose 3*t - 2*o - 2259 = 0, 4*t - 3026 = -1812*o + 1810*o. Calculate the remainder when t is divided by 374.
7
Let k = 413 - 423. Let u(a) be the second derivative of -a**4/12 - 2*a**3 + 21*a**2/2 + a. Calculate the remainder when u(k) is divided by 22.
19
Let u(m) = -17 - m**3 + m**2 + 0 - 9*m - 12*m**2 - 3*m. Let h be u(-10). What is the remainder when (6/4)/(1035/340 - h) is divided by 19?
15
Suppose 0 = 2*y - 5*j + 11, 0 = 4*y - 9*y - 4*j + 22. Suppose y*b = -o + 120, -3*o + 2*o - 4*b = -116. What is the remainder when o is divided by 14?
12
Let a(j) = -j**2 + 22*j + 23. Let g be a(21). Let i be 3/(18/3)*6. Suppose -m - g = -i*m. What is the remainder when 85 is divided by m?
19
Suppose -m = -2*a + 5, -3*a - 2*m + 4 = -0*a. Suppose -f = 3*z - 3, 2*f + a*z = 6*z + 16. Suppose f*w = 97 + 41. What is the remainder when 67 is divided by w?
21
Suppose -10*d = -3*d - 3682. Let q = 531 - d. Calculate the remainder when 46 is divided by q.
1
Suppose -187*n - 21134 + 400744 = 0. What is the remainder when n is divided by 672?
14
Calculate the remainder when 1366 is divided by ((-35)/6 - 0)/(712/(-21360)).
141
Let f(j) = -2*j + 22. Let k be f(12). Calculate the remainder when 36/(-15) - k - (-1274)/10 is divided by 16.
15
Let k = -277 + 167. Let t = 133 + k. Calculate the remainder when 154 is divided by t.
16
Let z be 6/((-18)/(-21)) + -1. Suppose -4*o - 58 = -z*o. Suppose 0 = o*v - 34*v + 35. What is the remainder when 95 is divided by v?
4
Calculate the remainder when 7390 is divided by (160/25 + -6)*180/(1 - -2).
22
Calculate the remainder when 340 is divided by (12/14)/(-3 - 1158/(-385)).
10
Suppose 10*l + 129 = 399. Suppose 5*j = 4*p + 36, -p = 3*j + 2*p - l. Calculate the remainder when 159 is divided by j.
7
Let s = 2508 - 1929. What is the remainder when s is divided by 198?
183
Suppose 388*p = 396*p - 112. Suppose 0 = 2*z - 2*i - 50, -2*z + 5*i = -74 + 24. What is the remainder when z is divided by p?
11
Suppose 42*p - 10735 = 10501 + 3796. Calculate the remainder when 604 is divided by p.
8
Let t = -16 + 101. Let u = 153 - t. Let b(i) = 3*i**2 - 9*i + 19. Calculate the remainder when u is divided by b(3).
11
Let n = -27 + -182. Let g = n + 233. Calculate the remainder when 25 is divided by g.
1
Let u = -10 - -34. What is the remainder when (-4)/68 + (-182103)/(-1717) is divided by u?
10
Let p = 111 - 75. Let j = 39 - p. What is the remainder when j is divided by 2?
1
Suppose 5*p + 126 = 3*p. Let q = 112 + p. Suppose -13*i + 0*i = -221. Calculate the remainder when q is divided by i.
15
Suppose 16 = 2*g - 196. Let p(u) = -2*u**2 - 13*u - 21. Let s be p(-10). Let f = -82 - s. What is the remainder when g is divided by f?
7
Let a = 30 + 135. Suppose l + 135 = 2*m, -m = m + 5*l - a. What is the remainder when m is divided by 12?
10
Let y be 7*10/70 + 298. Let b = 310 - y. Calculate the remainder when 32 is divided by b.
10
Calculate the remainder when 1 + ((-44)/(-4) - -2000) is divided by 252.
248
Let s(n) = 3*n + 111. Let z be s(-47). Let r(c) = -c - 7. What is the remainder when 574 is divided by r(z)?
22
Suppose 5*q - 7*q + 5*x + 43 = 0, -3*q + x = -71. Suppose 7*y - q = 9*y. What is the remainder when (y - -45)/(3/10) is divided by 29?
23
Suppose -x + 18 = 5*f - 8*f, 4*f = -x - 24. What is the remainder when 97 is divided by (-123)/41*22/f?
9
Suppose 0 = -121*s - 18820 + 54878. Calculate the remainder when s is divided by 153.
145
Let s = -34 + 36. Suppose s*m + 4*b = 6*m - 452, m + b = 119. Calculate the remainder when m is divided by 25.
16
Le